*1. What are the prime factors of (-978)/(-7) + (-36)/(-28) + a?
2, 5, 7
Let o(u) = -2*u**3 - u**2 + 2*u - 2. Let i be o(-2). Let m be (-380)/(-6)*(-3 + i). Let k = m - 47. List the prime factors of k.
11, 13
Let a = 376 - 377. What are the prime factors of 564 - ((-5)/a - 7)?
2, 283
Let s(q) = q**3 - 7*q**2 + 7*q + 20. Let u be s(6). Suppose 29*c - 1848 = u*c. List the prime factors of c.
2, 7, 11
Suppose 2*t - 4*u = 11668, -39*t + 35*t + 23366 = -2*u. List the prime factors of t.
2, 3, 487
Let h = 11349 + -7877. What are the prime factors of h?
2, 7, 31
Let k(j) = -683 + 1366 - 684 + 387*j. What are the prime factors of k(1)?
2, 193
Let l(b) = 6*b**2 + 12*b + 44. Let c(z) = 7*z**2 - 4*z - 8. Let w be c(2). What are the prime factors of l(w)?
2, 263
Let w be ((-5)/2 - -1)/(3/(-2)). Let i be (1 + -5 - -3)*(-3)/w. Suppose -199 - 152 = -3*a - 3*r, -3*r = i. List the prime factors of a.
2, 59
Let u = -12291 - -19449. What are the prime factors of u?
2, 3, 1193
Suppose -2*x = 2, -5*l - 5*x - 319 - 71 = 0. Let a = l + 438. What are the prime factors of a?
19
Suppose -6*g - 15*g = -12810. Suppose 9*l + g = 19*l. List the prime factors of l.
61
What are the prime factors of 47503 + -12 + -4 + -4?
103, 461
Let z = 1350 - 269. List the prime factors of z.
23, 47
Let r = 50269 - 25559. What are the prime factors of r?
2, 5, 7, 353
Let r = 70 - 56. Let p(l) = 15*l + 47. Let b be p(r). Let a = -84 + b. What are the prime factors of a?
173
Let h(x) = 36*x**3 - 34*x**2 - 47*x + 114. What are the prime factors of h(11)?
43399
Suppose 1949543 + 10670833 = 414*l. What are the prime factors of l?
2, 7621
Let i(t) be the third derivative of -t**6/120 + 3*t**5/10 - 11*t**4/12 + t**3/2 + 5*t**2. List the prime factors of i(15).
2, 3, 29
Let k be ((-420)/(-24))/(1/(-2)). Let a(w) = -13*w + 172. What are the prime factors of a(k)?
3, 11, 19
Let j(x) = 3*x**3 - 42*x**2 + 3*x + 19. Let g be j(14). Suppose -6*s + 2731 = g. List the prime factors of s.
5, 89
Suppose 0 = -2*d + 7*d + 20. Let b be 1*-10*4/d. List the prime factors of 6939/135 + (-4)/b.
3, 17
Let w(f) = -9*f + 11. Let r be w(1). Suppose -b = r*b + 3*u - 3447, -2*b - 3*u + 2301 = 0. What are the prime factors of b?
2, 3, 191
Let d = 50021 + -7841. What are the prime factors of d?
2, 3, 5, 19, 37
Let m(d) = -d. Let a(k) = 3*k + 1. Let u(h) = -a(h) - 6*m(h). Let l be u(1). Suppose l*g - 225 = 111. List the prime factors of g.
2, 3, 7
Let d(o) = 15*o**3 - 15*o**2 + 4*o - 824. Let l(k) = -7*k**3 + 7*k**2 - 2*k + 412. Let y(r) = 6*d(r) + 13*l(r). What are the prime factors of y(0)?
2, 103
Let a be (234/45 - 4)*15. Suppose a*k - 4957 - 15401 = 0. What are the prime factors of k?
3, 13, 29
Suppose -4*p - y + 3285 = 0, p + 261 = -3*y + 1096. Suppose 2*j + 3*g = 2*g + p, 2*j - 5*g = 820. List the prime factors of j.
2, 5, 41
Let d(r) = -5*r + 40. Suppose q - 4*q - c - 29 = 0, q + 13 = 3*c. What are the prime factors of d(q)?
2, 3, 5
Let h = 24297 + -4573. List the prime factors of h.
2, 4931
Suppose 25*c - 306798 = 10*c + 212112. What are the prime factors of c?
2, 7, 353
Let o be 2/(3/(-6)*-4). Let b(x) = 4*x**3 + 5*x**3 - o + 4 - 2*x**2 - 1. What are the prime factors of b(1)?
3
Let k(g) = 9777*g - 286. What are the prime factors of k(1)?
9491
Suppose -g = 0, 0*g - 20176 = -k + g. What are the prime factors of k?
2, 13, 97
Suppose 0 = q - 6*i + i - 372, 4*q + 2*i - 1576 = 0. Let b = q - 280. Suppose -j + 528 - b = 3*y, -426 = -3*y - 3*j. What are the prime factors of y?
137
List the prime factors of 15*-1*(-25883)/65.
3, 11, 181
Let g be (-44)/7 + 0 - 2/(-7). Let u be ((-2)/(-4))/(g/(-24)) - -26. List the prime factors of (-765)/(-7) + (1 - 36/u).
109
Let u(j) = 144*j + 186. Let d be u(8). Suppose -i = 5*n - 9*n - d, 3*i = n + 4003. List the prime factors of i.
2, 23, 29
Suppose 27*p + 264 = 39*p. Suppose 36*k = -p*k + 84332. What are the prime factors of k?
2, 727
Suppose 3*g - 9*g + 474 = 0. Let x = g - -746. List the prime factors of x.
3, 5, 11
Suppose 0 = h - 3*r - 39347, -r + 7 = 6. What are the prime factors of h?
2, 5, 787
Let z be ((-1)/6 - 2205/(-108))*-4. Let k = z - -198. Suppose -2*h = -4*t + 50 + 376, k = t - 4*h. List the prime factors of t.
3, 5, 7
Let b(o) = 3*o**3 + 10*o**2 - 12*o - 5. Let g(f) = 8*f**3 + 30*f**2 - 35*f - 14. Let h(j) = -11*b(j) + 4*g(j). What are the prime factors of h(6)?
5, 19
Suppose -3*a - 2783232 = -37*a - 38*a. List the prime factors of a.
2, 151
Suppose 0 = 4*j + 28, -274*w - 40647 = -276*w - 5*j. What are the prime factors of w?
20341
What are the prime factors of 14*-2*(-145616)/144 + 14/(-63)?
2, 3, 11, 13
Let n = -162 + 204. Suppose -n*i + 39*i = -402. List the prime factors of i.
2, 67
Let w(m) = -m - 33. Let x(b) = 2*b + 100. Let k(f) = 8*w(f) + 3*x(f). Let i be k(15). List the prime factors of (-8602)/(-69) + 2/i.
5
Let p = -28221 - -28542. List the prime factors of p.
3, 107
Suppose 0 = -4*s - 155 + 163. Suppose 5*u - 4982 = -5*k - 1607, 0 = s*u - 5*k - 1364. List the prime factors of u.
677
Let k = -1933 + 8201. List the prime factors of k.
2, 1567
Suppose 3*j - 4*x + 8755 = 6*j, -4*j + 5*x + 11632 = 0. Suppose 5*c = -3*u + j, -c + u = 2*u - 581. List the prime factors of c.
3, 5, 13
Let d be 4/1*622*2/8. Suppose 4*p - m - 953 = 0, 0 = 5*p - 4*m - d - 572. List the prime factors of p.
2, 7, 17
Let p(v) = -2*v - 24. Let i be p(-14). Let g(a) = -25*a - 4. Let w be g(i). Let b = w - -155. What are the prime factors of b?
3, 17
Let g = -2826 - -2993. What are the prime factors of g?
167
Let b(w) = -29*w**3 - 5*w**2 - 30*w + 7. What are the prime factors of b(-8)?
3, 5, 197
Let t(h) = -76*h**2 + h + 1. Let z be t(2). Let c = z + 209. Let q = -66 - c. What are the prime factors of q?
2, 13
Suppose 51*v - 6375 = 26*v. Let b = -155 - -111. Let h = b + v. List the prime factors of h.
211
Suppose z + 6 = 0, 76*x = 71*x - 3*z + 149127. List the prime factors of x.
3, 61, 163
Let n(j) = 11*j**2 + 16*j - 10. Let s = 73 - 68. List the prime factors of n(s).
3, 5, 23
List the prime factors of (-6972)/24*(14/(-161) + (-51308)/322).
2, 3, 31, 83
Let g = 225 - 156. What are the prime factors of g/((-12)/4)*-11?
11, 23
Suppose 82136 + 273611 = 13*z - 13011. List the prime factors of z.
2, 13, 1091
Let t(m) = -65*m - 9. Let l = 0 + -6. List the prime factors of t(l).
3, 127
Let r be ((-89440)/(-39) - (-2)/(-6))*1. Suppose -7*g + r + 9677 = 0. List the prime factors of g.
2, 3, 5, 19
Suppose 0 = g - 3*n, -4 = -g + 6*n - 7*n. Suppose -12*w + g*d = -13*w + 310, 5*w - 3*d - 1640 = 0. List the prime factors of w.
5, 13
Let c be ((-75)/(-10))/(3*4/(-6504)). List the prime factors of (10/25)/(4062/c - -1).
2, 271
Let t = -1753 + 2554. Suppose 5*r = 3*q - t - 809, -2658 = -5*q + 2*r. Suppose 0 = -49*g + 44*g + q. What are the prime factors of g?
2, 53
Suppose -2*r + 66 = 4*l + l, 2*l = -2*r + 60. Let p = r + -23. Suppose p*n - n = 848. List the prime factors of n.
2, 53
Let o be 29 - ((-6)/(-8))/(3/12). Let y = o + -23. Suppose -103 = 6*z - 7*z + y*m, 0 = -z + 5*m + 105. What are the prime factors of z?
2, 5
Suppose -3*p + 10*p - 315 = 0. List the prime factors of -3*(-3020)/p - 2/(-3).
2, 101
Let c(n) = 0*n**2 + 34 - 45*n + n**2 + 28*n. Let u be c(16). What are the prime factors of 63/u*(24 + 2)?
7, 13
List the prime factors of 32482/9 - 11*280/2772.
2, 11, 41
Let p = 313 - 457. Let g = p - -397. List the prime factors of g.
11, 23
Suppose 0 = -167*c + 484116 + 454758. What are the prime factors of c?
2, 3, 937
Let t = -14270 + 26020. List the prime factors of t.
2, 5, 47
What are the prime factors of (0/3 + (-14)/(-14) + 5826)*9?
3, 5827
Let p(f) = -18*f**3 + 3*f**2 - f - 2. Let k be 5/4*(8 - 4). Suppose -k*j = d + 6, 1 = -4*j - 5*d - 8. List the prime factors of p(j).
2, 5
Let a(u) = -11 - 3 + 6*u**2 + 19*u - 17. What are the prime factors of a(6)?
13, 23
Let c(y) be the third derivative of y**6/60 - 2*y**5/15 + 7*y**4/8 - y**3/3 - 13*y**2 - 2. What are the prime factors of c(4)?
2, 41
Let p(m) be the first derivative of 3*m**4 + 2*m**3/3 + 2*m**2 + 90. List the prime factors of p(3).
2, 3, 59
Suppose 3*c - 5*c - 3*a - 1018 = 0, -c + 2*a - 509 = 0. Let t = c - -672. What are the prime factors of t?
163
Let y(g) = -g**3 + 21*g**2 - 35*g + 20. Suppose 0 = -5*w - 3*s + 102, -6*w + 7*w 